d by 22.
17
What is the remainder when 446 is divided by 31?
12
Calculate the remainder when 184 is divided by 47.
43
What is the remainder when 317 is divided by 53?
52
Calculate the remainder when 74 is divided by 21.
11
Calculate the remainder when 79 is divided by 30.
19
What is the remainder when 161 is divided by 6?
5
What is the remainder when 69 is divided by 35?
34
Calculate the remainder when 532 is divided by 130.
12
What is the remainder when 1458 is divided by 86?
82
What is the remainder when 228 is divided by 48?
36
What is the remainder when 2352 is divided by 784?
0
What is the remainder when 392 is divided by 96?
8
What is the remainder when 292 is divided by 59?
56
Calculate the remainder when 716 is divided by 121.
111
What is the remainder when 67 is divided by 19?
10
What is the remainder when 166 is divided by 42?
40
Calculate the remainder when 487 is divided by 71.
61
Calculate the remainder when 828 is divided by 41.
8
What is the remainder when 733 is divided by 21?
19
What is the remainder when 353 is divided by 30?
23
Calculate the remainder when 2774 is divided by 1382.
10
What is the remainder when 151 is divided by 78?
73
What is the remainder when 1339 is divided by 23?
5
Calculate the remainder when 70 is divided by 5.
0
Calculate the remainder when 151 is divided by 38.
37
What is the remainder when 156 is divided by 86?
70
Calculate the remainder when 124 is divided by 25.
24
What is the remainder when 433 is divided by 95?
53
What is the remainder when 2362 is divided by 12?
10
Calculate the remainder when 227 is divided by 52.
19
What is the remainder when 54 is divided by 3?
0
Calculate the remainder when 1711 is divided by 564.
19
What is the remainder when 212 is divided by 17?
8
What is the remainder when 3448 is divided by 48?
40
Calculate the remainder when 188 is divided by 49.
41
What is the remainder when 316 is divided by 51?
10
Calculate the remainder when 192 is divided by 60.
12
Calculate the remainder when 448 is divided by 442.
6
Calculate the remainder when 1964 is divided by 41.
37
What is the remainder when 23866 is divided by 10?
6
Calculate the remainder when 296 is divided by 288.
8
What is the remainder when 58 is divided by 30?
28
Calculate the remainder when 172 is divided by 132.
40
Calculate the remainder when 162 is divided by 84.
78
What is the remainder when 818 is divided by 33?
26
Calculate the remainder when 362 is divided by 6.
2
Calculate the remainder when 681 is divided by 76.
73
What is the remainder when 3239 is divided by 1597?
45
Calculate the remainder when 1679 is divided by 28.
27
Calculate the remainder when 744 is divided by 189.
177
What is the remainder when 4333 is divided by 241?
236
Calculate the remainder when 409 is divided by 141.
127
Calculate the remainder when 3062 is divided by 337.
29
Calculate the remainder when 11603 is divided by 211.
209
Calculate the remainder when 263 is divided by 47.
28
What is the remainder when 127 is divided by 40?
7
What is the remainder when 5065 is divided by 78?
73
What is the remainder when 96 is divided by 63?
33
Calculate the remainder when 75 is divided by 74.
1
What is the remainder when 237 is divided by 184?
53
What is the remainder when 2344 is divided by 41?
7
What is the remainder when 207 is divided by 11?
9
Calculate the remainder when 80 is divided by 60.
20
What is the remainder when 3983 is divided by 166?
165
Calculate the remainder when 3654 is divided by 85.
84
What is the remainder when 547 is divided by 39?
1
Calculate the remainder when 243 is divided by 108.
27
Calculate the remainder when 363 is divided by 13.
12
What is the remainder when 2481 is divided by 23?
20
Calculate the remainder when 146 is divided by 39.
29
Calculate the remainder when 353 is divided by 6.
5
What is the remainder when 42 is divided by 13?
3
Calculate the remainder when 590 is divided by 143.
18
Calculate the remainder when 2732 is divided by 144.
140
What is the remainder when 1120 is divided by 225?
220
Calculate the remainder when 3015 is divided by 52.
51
Calculate the remainder when 11510 is divided by 959.
2
What is the remainder when 251 is divided by 12?
11
What is the remainder when 826 is divided by 23?
21
What is the remainder when 28 is divided by 20?
8
Calculate the remainder when 794 is divided by 194.
18
Calculate the remainder when 132 is divided by 9.
6
Calculate the remainder when 2 is divided by 2.
0
What is the remainder when 847 is divided by 175?
147
What is the remainder when 1259 is divided by 28?
27
What is the remainder when 1831 is divided by 167?
161
What is the remainder when 1592 is divided by 76?
72
Calculate the remainder when 652 is divided by 55.
47
Calculate the remainder when 1663 is divided by 551.
10
What is the remainder when 151 is divided by 137?
14
Calculate the remainder when 336 is divided by 13.
11
What is the remainder when 733 is divided by 18?
13
Calculate the remainder when 124 is divided by 25.
24
What is the remainder when 619 is divided by 59?
29
Calculate the remainder when 77 is divided by 39.
38
What is the remainder when 686 is divided by 248?
190
What is the remainder when 5094 is divided by 13?
11
Calculate the remainder when 22 is divided by 14.
8
What is the remainder when 6 is divided by 2?
0
Calculate the remainder when 714 is divided by 18.
12
Calculate the remainder when 189 is divided by 50.
39
What is the remainder when 1919 is divided by 85?
49
Calculate the remainder when 581 is divided by 65.
61
What is the remainder when 1954 is divided by 36?
10
What is the remainder when 784 is divided by 18?
10
What is the remainder when 527 is divided by 5?
2
What is the remainder when 262 is divided by 53?
50
Calculate the remainder when 324 is divided by 5.
4
What is the remainder when 1117 is divided by 50?
17
Calculate the remainder when 214 is divided by 37.
29
What is the remainder when 74 is divided by 5?
4
What is the remainder when 313 is divided by 35?
33
Calculate the remainder when 147 is divided by 6.
3
What is the remainder when 230 is divided by 22?
10
What is the remainder when 97 is divided by 18?
7
What is the remainder when 62 is divided by 27?
8
Calculate the remainder when 118 is divided by 27.
10
Calculate the remainder when 1869 is divided by 190.
159
What is the remainder when 52 is divided by 33?
19
What is the remainder when 1024 is divided by 171?
169
What is the remainder when 75 is divided by 2?
1
What is the remainder when 160 is divided by 27?
25
What is the remainder when 64 is divided by 59?
5
Calculate the remainder when 430 is divided by 34.
22
Calculate the remainder when 19 is divided by 18.
1
What is the remainder when 6208 is divided by 27?
25
What is the remainder when 539 is divided by 25?
14
What is the remainder when 1041 is divided by 116?
113
Calculate the remainder when 291 is divided by 285.
6
Calculate the remainder when 6397 is divided by 64.
61
What is the remainder when 88 is divided by 32?
24
What is the remainder when 1055 is divided by 227?
147
What is the remainder when 2057 is divided by 89?
10
What is the remainder when 550 is divided by 37?
32
What is the remainder when 117 is divided by 10?
7
What is the remainder when 87 is divided by 79?
8
What is the remainder when 80 is divided by 27?
26
Calculate the remainder when 340 is divided by 70.
60
Calculate the remainder when 179 is divided by 10.
9
What is the remainder when 364 is divided by 46?
42
What is the remainder when 206 is divided by 149?
57
What is the remainder when 334 is divided by 161?
12
Calculate the remainder when 518 is divided by 259.
0
Calculate the remainder when 405 is divided by 74.
35
Calculate the remainder when 26959 is divided by 20.
19
Calculate the remainder when 72 is divided by 27.
18
Calculate the remainder when 839 is divided by 98.
55
What is the remainder when 826 is divided by 399?
28
What is the remainder when 102 is divided by 44?
14
What is the remainder when 3053 is divided by 121?
28
Calculate the remainder when 123 is divided by 34.
21
Calculate the remainder when 367 is divided by 37.
34
What is the remainder when 247 is divided by 17?
9
What is the remainder when 200 is divided by 7?
4
Calculate the remainde